36. Determine n(35).
-1759
Let i(r) = 1539330*r + 1539307. Give i(-1).
-23
Let q(z) = 26953*z - 484936. Determine q(18).
218
Let y(p) = 512*p**2 - 66551*p - 1192. What is y(130)?
-22
Let m(i) = -2*i**3 + 176*i**2 - 2298*i + 220368. Give m(89).
4
Let l(b) = 2372*b + 21086. What is l(-9)?
-262
Let o(h) = 2*h**2 - 4499*h - 99987. What is o(-22)?
-41
Let y(x) = 18128*x - 1069521. Determine y(59).
31
Let y(d) = 14*d**2 - 425*d - 91. What is y(21)?
-2842
Let z(y) = 5*y**2 + 46481*y - 1492516. Determine z(32).
-4
Let d(z) = z**3 + 52*z**2 - 1414*z - 854. What is d(-72)?
-2726
Let x(r) = -69*r**3 - 925*r**2 + 575*r + 19. Give x(-14).
5
Let b(n) = -5*n**3 + 15*n**2 + 35*n - 3. Give b(-3).
162
Let x(m) = 46*m + 7944. Calculate x(-190).
-796
Let n(h) = 4*h**2 + 7358*h - 66333. What is n(9)?
213
Let k(b) = b**2 + 113*b + 1796. What is k(-18)?
86
Let f(x) = -3*x**3 + 65*x**2 + 10524*x - 239945. Determine f(23).
-9
Let x(l) = l**3 - 21*l**2 - 2803*l + 43393. Calculate x(15).
-2
Let x(t) = 8*t**2 - 296*t - 192. Give x(37).
-192
Let p(k) = -23*k**2 - 3808*k + 13368. Give p(-169).
17
Let z(q) = 183045*q + 3294826. Calculate z(-18).
16
Let t(i) = -13505*i - 189061. Determine t(-14).
9
Let q(r) = -1644*r - 32611. Calculate q(-20).
269
Let y(a) = -a**3 + 29*a**2 + 823*a + 3885. Determine y(-13).
284
Let i(u) = 6*u**3 - 395*u**2 - 166*u + 6597. What is i(66)?
-3
Let f(q) = -453*q**2 - 18*q - 17. Determine f(-1).
-452
Let u(n) = 9350*n - 10415895. Calculate u(1114).
5
Let h(c) = 2*c**3 - 27*c**2 - 23*c - 358. Determine h(15).
-28
Let i(d) = -12158*d - 48325. Calculate i(-4).
307
Let o(p) = -10*p**2 + 226*p - 1079. Determine o(15).
61
Let k(t) = t**2 + 16*t - 1622. What is k(33)?
-5
Let s(o) = -421*o**2 + 85*o + 6. Give s(-1).
-500
Let w(r) = r**3 + 115*r**2 + 3303*r - 153. Determine w(-57).
18
Let p(l) = -l**3 - 131*l**2 - 2733*l - 300. What is p(-105)?
15
Let i(v) = 22*v + 2278. Calculate i(27).
2872
Let f(b) = -3*b**2 - 6801*b + 116409. Calculate f(17).
-75
Let x(z) = 2*z**3 - 60*z**2 + 72*z - 24. What is x(28)?
-1144
Let l(w) = -33527*w + 134115. What is l(4)?
7
Let p(l) = -l**3 - 23*l**2 + 338*l + 6748. What is p(-26)?
-12
Let u(k) = -4123*k + 12529. Determine u(4).
-3963
Let x(m) = -8884*m + 1661282. What is x(187)?
-26
Let i(h) = -54*h**2 + 129*h + 17801. Give i(-17).
2
Let j(f) = -6*f**3 + 83*f**2 + 293*f - 2. What is j(-4)?
538
Let g(x) = -2*x**3 - 192*x**2 - 6*x - 378. Give g(-96).
198
Let c(d) = -11*d**2 - 410*d - 3484. Determine c(-26).
-260
Let h(x) = -5*x**2 - 1141*x + 1386977. What is h(-653)?
5
Let i(t) = 3*t**3 - 45*t**2 - 619*t + 202. Determine i(24).
898
Let t(i) = i**2 - 103*i - 2731. Determine t(135).
1589
Let l(r) = r**3 - 96*r**2 - 33048*r - 1115. Determine l(-140).
5
Let d(n) = -n**3 + 95*n**2 - 1573*n - 20. Determine d(22).
706
Let l(n) = -170*n + 100300. Give l(590).
0
Let h(f) = f**3 - 107*f**2 + 1390*f - 145. Give h(15).
5
Let k(y) = -2*y**3 + 241*y**2 - 392*y - 164. What is k(2)?
0
Let p(t) = -t**2 + 57*t - 494. Calculate p(25).
306
Let c(i) = 4*i**3 + 24*i**2 - 15*i - 131. Determine c(-6).
-41
Let w(v) = -37*v**2 - 1333*v - 9316. What is w(-7)?
-1798
Let g(l) = -4*l**3 + 6*l**2 - 56*l + 77. Determine g(4).
-307
Let n(c) = -42*c**2 + 11*c + 128. Calculate n(-6).
-1450
Let p(t) = 17*t**2 - 9022*t + 325999. Determine p(39).
-2
Let h(s) = 2*s**3 - 29*s**2 - 9*s + 356. Give h(14).
34
Let m(h) = -3*h**3 + 355*h**2 - 1155*h + 282. What is m(115)?
-293
Let j(o) = -o**3 - 19*o**2 + 11*o - 664. What is j(-21)?
-13
Let k(y) = -y**2 + 27*y + 4105. What is k(81)?
-269
Let k(r) = 20*r**2 - 2540*r - 72478. What is k(-24)?
2
Let h(g) = 452*g + 39790. Calculate h(-88).
14
Let t(o) = 164*o**3 - 986*o**2 + 23*o - 79. Calculate t(6).
-13
Let l(d) = 494*d + 944. Determine l(-4).
-1032
Let o(k) = 5*k**3 - 245*k**2 + 244*k + 50. Determine o(48).
242
Let u(q) = -1610*q + 10024. Determine u(6).
364
Let y(r) = 14*r**3 - 1124*r**2 + 347*r - 2160. What is y(80)?
0
Let u(c) = -22634*c - 158441. Calculate u(-7).
-3
Let j(y) = -60599*y + 1333171. Give j(22).
-7
Let o(u) = -u**3 + 11*u**2 + 777*u - 8449. Give o(11).
98
Let x(t) = t**2 + 105*t - 6. Calculate x(-104).
-110
Let w(h) = 6636*h - 1001817. Give w(151).
219
Let z(n) = -33*n + 1438. Calculate z(90).
-1532
Let k(q) = -q**2 - 934*q - 18161. Give k(-20).
119
Let b(t) = t**3 + 57*t**2 - 608*t - 580. Calculate b(-66).
344
Let x(f) = -f**2 + 2534*f + 145050. Determine x(-56).
10
Let u(a) = -2091*a + 179614. Give u(86).
-212
Let c(f) = 5792*f - 405494. Calculate c(70).
-54
Let j(t) = -17001*t**2 + 2805160*t + 827. What is j(165)?
2
Let x(o) = 633*o**2 + 38627*o + 55. Determine x(-61).
-799
Let m(f) = f**3 - 71*f**2 + 328*f + 404. What is m(66)?
272
Let b(j) = 10*j**3 + 16*j**2 + 41*j + 118. Determine b(-4).
-430
Let z(f) = 707*f - 32532. What is z(42)?
-2838
Let g(u) = u**3 + 312*u**2 - 63*u - 19610. Determine g(-312).
46
Let d(y) = -97*y**2 - 16891*y - 2258. Determine d(-174).
4
Let v(n) = -12780*n + 13077. What is v(1)?
297
Let h(i) = i**2 + 467*i + 54365. Give h(-221).
-1
Let v(z) = 45*z - 484. Calculate v(10).
-34
Let s(x) = -x**2 + 427*x + 4340. Determine s(-10).
-30
Let t(z) = -1326*z + 27322. Calculate t(22).
-1850
Let o(f) = f**3 + 55*f**2 - 202*f + 1884. What is o(-59)?
-122
Let c(p) = p**2 + 28*p + 138. What is c(-10)?
-42
Let h(n) = 6*n**3 + 14*n**2 - 967*n + 183. What is h(-14)?
1
Let i(j) = -5844*j + 11738. What is i(2)?
50
Let s(j) = 2*j**2 - 203*j + 895. Calculate s(96).
-161
Let x(w) = -1232*w - 79046. Calculate x(-64).
-198
Let p(t) = 7*t**3 + 112*t**2 + 22*t + 24. Give p(-16).
-328
Let d(l) = 2*l**3 + 180*l**2 + 549*l + 2530. What is d(-87)?
181
Let f(t) = -6*t**3 - 106*t**2 - 114*t - 758. Determine f(-17).
24
Let i(n) = -9*n**2 + 7*n - 171. Give i(14).
-1837
Let q(u) = u**3 - 18221*u**2 - 91136*u - 33. Determine q(-5).
-3
Let k(z) = 5*z**2 + 1855*z + 16237. Calculate k(-362).
-53
Let y(r) = -226929*r - 1134670. Calculate y(-5).
-25
Let x(i) = i**3 - 9*i**2 + 7*i + 4. Give x(1).
3
Let v(m) = m**2 + 2253*m - 342428. Calculate v(143).
200
Let s(b) = -1352*b + 382625. Give s(283).
9
Let j(a) = -4*a**3 - 42*a**2 - 3*a + 23. Determine j(-13).
1752
Let p(c) = -75*c - 2467. What is p(-37)?
308
Let f(a) = -233*a**2 + 3467*a + 448. What is f(15)?
28
Let a(n) = n**3 - 510*n**2 - 3681*n + 301854. Give a(516).
-6
Let w(s) = 8922*s + 312183. Give w(-35).
-87
Let q(g) = 18*g**3 + 1063*g**2 + 64*g + 683. Determine q(-59).
388
Let n(q) = 2*q**3 - 75*q**2 + 108*q + 2. What is n(36)?
2
Let s(c) = -963*c**2 + 749*c + 748. What is s(-1)?
-964
Let x(v) = -v**3 + v**2 - 794*v - 5946. Give x(-7).
4
Let o(f) = -30*f**2 + 150*f + 594. What is o(-4)?
-486
Let z(h) = 2*h**2 + 99*h + 112. What is z(-42)?
-518
Let m(l) = l**3 - 185*l**2 + 3852*l + 90. Determine m(24).
-198
Let g(u) = u**2 + 470*u - 5286. Determine g(11).
5
Let o(q) = 82*q**3 - 42*q**2 + 4*q - 9. Calculate o(2).
487
Let s(c) = 21372*c**2 - 128257*c + 146. Calculate s(6).
-4
Let m(z) = -1148*z - 792. What is m(-2)?
1504
Let c(g) = -240081*g - 1680572. Give c(-7).
-5
Let v(x) = x**2 + 216*x - 6189. Calculate v(35).
2596
Let r(x) = -x**3 + 24*x**2 - 3994*x + 105195. Calculate r(26).
-1
Let a(u) = 20*u**2 + 137*u + 677. Calculate a(-5).
492
Let l(f) = -f**3 - 55*f**2 + 246*f - 3127. Calculate l(-60).
113
Let z(o) = 7*o**2 + 7*o + 49. Calculate z(15).
1729
Let o(s) = s**3 + 82*s**2 + 572*s + 8934. Calculate o(-76).
118
Let z(g) = g**3 - 16*g**2 + 27*g - 2. What is z(-5)?
-662
Let r(q) = 2*q**3 + 1102*q**2 + 1052*q - 26410. Determine r(-550).
-10
Let y(d) = 5709*d + 154140. Give y(-27).
-3
Let u(f) = -f**3 + 65*f**2 - 13*f + 9869. Calculate u(67).
20
Let z(h) = -1379*h - 1130. Calculate z(-1).
249
Let z(f) = f**3 + 36*f**2 + 546. Give z(-37).
-823
Let o(m) = m**3 + 1223*m**2 - 1342*m - 144429. Calculate o(-1224).
3
Let m(g) = -573*g + 1024. Determine m(4).
-1268
Let v(u) = -1263*u - 1286965. Give v(-1019).
32
Let o(r) = -r**3 + 46*r**2 + 991*r - 13. What is o(-16)?
3
Let c(d) = -31*d**2 - 14344*d - 14344. What is c(-1)?
-31
Let g(f) = f**3 - 88*f**2 + 32*f - 266. Determine g(88).
2550
Let c(j) = 4*j**2 - 2973*j - 17. Calculate c(0).
-17
Let z(g) = 4479*g + 1581106. What is z(-353)?
19
Let y(u) = -2*u**2 + 47*u - 385. Determine y(6).
-175
Let u(k) = k**3 - 19100*k